{"id":5856,"date":"2022-06-28T14:31:45","date_gmt":"2022-06-28T18:31:45","guid":{"rendered":"https:\/\/almacenalnatural.cl\/?post_type=product&#038;p=5856"},"modified":"2026-04-09T08:51:04","modified_gmt":"2026-04-09T12:51:04","slug":"arroz-basmati","status":"publish","type":"product","link":"https:\/\/almacenalnatural.cl\/index.php\/producto\/arroz-basmati\/","title":{"rendered":"Arroz Basmati"},"content":{"rendered":"","protected":false},"excerpt":{"rendered":"<p>Arroz Basmati importado desde la India<\/p>\n<p>Las incre\u00edbles propiedades del arroz basmati junto a su exquisito sabor lo hacen un gran acompa\u00f1ante en nuestros platos de comida.<\/p>\n<p>&nbsp;<\/p>\n<p>$3.200 por kg.<\/p>\n","protected":false},"featured_media":5858,"comment_status":"open","ping_status":"closed","template":"","meta":[],"product_cat":[15],"product_tag":[],"supplier_id":null,"supplier_sku":"","barcode":null,"atum_controlled":true,"out_stock_date":null,"out_stock_threshold":null,"inheritable":true,"inbound_stock":0,"stock_on_hold":58,"sold_today":0,"sales_last_days":0,"reserved_stock":0,"customer_returns":0,"warehouse_damage":0,"lost_in_post":0,"other_logs":0,"out_stock_days":0,"lost_sales":0,"has_location":false,"update_date":"2026-04-18T06:10:36","atum_locations":[],"atum_stock_status":"instock","restock_status":false,"low_stock_amount":"","sales_update_date":"2026-04-18T06:10:36","calc_backorders":null,"yoast_head":"<!-- This site is optimized with the Yoast SEO plugin v17.0 - https:\/\/yoast.com\/wordpress\/plugins\/seo\/ -->\n<title>Arroz Basmati - Almac\u00e9n al Natural<\/title>\n<meta name=\"robots\" content=\"index, follow, max-snippet:-1, max-image-preview:large, max-video-preview:-1\" \/>\n<link rel=\"canonical\" href=\"https:\/\/almacenalnatural.cl\/index.php\/producto\/arroz-basmati\/\" \/>\n<meta property=\"og:locale\" content=\"es_ES\" \/>\n<meta property=\"og:type\" content=\"article\" \/>\n<meta property=\"og:title\" content=\"Arroz Basmati - Almac\u00e9n al Natural\" \/>\n<meta property=\"og:description\" content=\"Arroz Basmati importado desde la India  Las incre\u00edbles propiedades del arroz basmati junto a su exquisito sabor lo hacen un gran acompa\u00f1ante en nuestros platos de comida.  &nbsp;  $3.200 por kg.\" \/>\n<meta property=\"og:url\" content=\"https:\/\/almacenalnatural.cl\/index.php\/producto\/arroz-basmati\/\" \/>\n<meta property=\"og:site_name\" content=\"Almac\u00e9n al Natural\" \/>\n<meta property=\"article:modified_time\" content=\"2026-04-09T12:51:04+00:00\" \/>\n<meta property=\"og:image\" content=\"https:\/\/almacenalnatural.cl\/wp-content\/uploads\/2022\/06\/ArrozBasmati3.png\" \/>\n\t<meta property=\"og:image:width\" content=\"1080\" \/>\n\t<meta property=\"og:image:height\" content=\"1080\" \/>\n<meta name=\"twitter:card\" content=\"summary_large_image\" \/>\n<script type=\"application\/ld+json\" class=\"yoast-schema-graph\">{\"@context\":\"https:\/\/schema.org\",\"@graph\":[{\"@type\":\"WebSite\",\"@id\":\"https:\/\/almacenalnatural.cl\/#website\",\"url\":\"https:\/\/almacenalnatural.cl\/\",\"name\":\"Almac\\u00e9n al Natural\",\"description\":\"Emprendimiento social basado en un mercado de precios justos\",\"potentialAction\":[{\"@type\":\"SearchAction\",\"target\":{\"@type\":\"EntryPoint\",\"urlTemplate\":\"https:\/\/almacenalnatural.cl\/?s={search_term_string}\"},\"query-input\":\"required name=search_term_string\"}],\"inLanguage\":\"es-CL\"},{\"@type\":\"ImageObject\",\"@id\":\"https:\/\/almacenalnatural.cl\/index.php\/producto\/arroz-basmati\/#primaryimage\",\"inLanguage\":\"es-CL\",\"url\":\"https:\/\/almacenalnatural.cl\/wp-content\/uploads\/2022\/06\/ArrozBasmati3.png\",\"contentUrl\":\"https:\/\/almacenalnatural.cl\/wp-content\/uploads\/2022\/06\/ArrozBasmati3.png\",\"width\":1080,\"height\":1080},{\"@type\":\"WebPage\",\"@id\":\"https:\/\/almacenalnatural.cl\/index.php\/producto\/arroz-basmati\/#webpage\",\"url\":\"https:\/\/almacenalnatural.cl\/index.php\/producto\/arroz-basmati\/\",\"name\":\"Arroz Basmati - Almac\\u00e9n al Natural\",\"isPartOf\":{\"@id\":\"https:\/\/almacenalnatural.cl\/#website\"},\"primaryImageOfPage\":{\"@id\":\"https:\/\/almacenalnatural.cl\/index.php\/producto\/arroz-basmati\/#primaryimage\"},\"datePublished\":\"2022-06-28T18:31:45+00:00\",\"dateModified\":\"2026-04-09T12:51:04+00:00\",\"breadcrumb\":{\"@id\":\"https:\/\/almacenalnatural.cl\/index.php\/producto\/arroz-basmati\/#breadcrumb\"},\"inLanguage\":\"es-CL\",\"potentialAction\":[{\"@type\":\"ReadAction\",\"target\":[\"https:\/\/almacenalnatural.cl\/index.php\/producto\/arroz-basmati\/\"]}]},{\"@type\":\"BreadcrumbList\",\"@id\":\"https:\/\/almacenalnatural.cl\/index.php\/producto\/arroz-basmati\/#breadcrumb\",\"itemListElement\":[{\"@type\":\"ListItem\",\"position\":1,\"name\":\"Portada\",\"item\":\"https:\/\/almacenalnatural.cl\/\"},{\"@type\":\"ListItem\",\"position\":2,\"name\":\"Productos\",\"item\":\"https:\/\/almacenalnatural.cl\/index.php\/productos\/\"},{\"@type\":\"ListItem\",\"position\":3,\"name\":\"Arroz Basmati\"}]}]}<\/script>\n<!-- \/ Yoast SEO plugin. -->","yoast_head_json":{"title":"Arroz Basmati - Almac\u00e9n al Natural","robots":{"index":"index","follow":"follow","max-snippet":"max-snippet:-1","max-image-preview":"max-image-preview:large","max-video-preview":"max-video-preview:-1"},"canonical":"https:\/\/almacenalnatural.cl\/index.php\/producto\/arroz-basmati\/","og_locale":"es_ES","og_type":"article","og_title":"Arroz Basmati - Almac\u00e9n al Natural","og_description":"Arroz Basmati importado desde la India  Las incre\u00edbles propiedades del arroz basmati junto a su exquisito sabor lo hacen un gran acompa\u00f1ante en nuestros platos de comida.  &nbsp;  $3.200 por kg.","og_url":"https:\/\/almacenalnatural.cl\/index.php\/producto\/arroz-basmati\/","og_site_name":"Almac\u00e9n al Natural","article_modified_time":"2026-04-09T12:51:04+00:00","og_image":[{"width":1080,"height":1080,"url":"https:\/\/almacenalnatural.cl\/wp-content\/uploads\/2022\/06\/ArrozBasmati3.png","path":"\/home\/u282438937\/domains\/almacenalnatural.cl\/public_html\/wp-content\/uploads\/2022\/06\/ArrozBasmati3.png","size":"full","id":5858,"alt":"","pixels":1166400,"type":"image\/png"}],"twitter_card":"summary_large_image","schema":{"@context":"https:\/\/schema.org","@graph":[{"@type":"WebSite","@id":"https:\/\/almacenalnatural.cl\/#website","url":"https:\/\/almacenalnatural.cl\/","name":"Almac\u00e9n al Natural","description":"Emprendimiento social basado en un mercado de precios justos","potentialAction":[{"@type":"SearchAction","target":{"@type":"EntryPoint","urlTemplate":"https:\/\/almacenalnatural.cl\/?s={search_term_string}"},"query-input":"required name=search_term_string"}],"inLanguage":"es-CL"},{"@type":"ImageObject","@id":"https:\/\/almacenalnatural.cl\/index.php\/producto\/arroz-basmati\/#primaryimage","inLanguage":"es-CL","url":"https:\/\/almacenalnatural.cl\/wp-content\/uploads\/2022\/06\/ArrozBasmati3.png","contentUrl":"https:\/\/almacenalnatural.cl\/wp-content\/uploads\/2022\/06\/ArrozBasmati3.png","width":1080,"height":1080},{"@type":"WebPage","@id":"https:\/\/almacenalnatural.cl\/index.php\/producto\/arroz-basmati\/#webpage","url":"https:\/\/almacenalnatural.cl\/index.php\/producto\/arroz-basmati\/","name":"Arroz Basmati - Almac\u00e9n al Natural","isPartOf":{"@id":"https:\/\/almacenalnatural.cl\/#website"},"primaryImageOfPage":{"@id":"https:\/\/almacenalnatural.cl\/index.php\/producto\/arroz-basmati\/#primaryimage"},"datePublished":"2022-06-28T18:31:45+00:00","dateModified":"2026-04-09T12:51:04+00:00","breadcrumb":{"@id":"https:\/\/almacenalnatural.cl\/index.php\/producto\/arroz-basmati\/#breadcrumb"},"inLanguage":"es-CL","potentialAction":[{"@type":"ReadAction","target":["https:\/\/almacenalnatural.cl\/index.php\/producto\/arroz-basmati\/"]}]},{"@type":"BreadcrumbList","@id":"https:\/\/almacenalnatural.cl\/index.php\/producto\/arroz-basmati\/#breadcrumb","itemListElement":[{"@type":"ListItem","position":1,"name":"Portada","item":"https:\/\/almacenalnatural.cl\/"},{"@type":"ListItem","position":2,"name":"Productos","item":"https:\/\/almacenalnatural.cl\/index.php\/productos\/"},{"@type":"ListItem","position":3,"name":"Arroz Basmati"}]}]}},"_links":{"self":[{"href":"https:\/\/almacenalnatural.cl\/index.php\/wp-json\/wp\/v2\/product\/5856"}],"collection":[{"href":"https:\/\/almacenalnatural.cl\/index.php\/wp-json\/wp\/v2\/product"}],"about":[{"href":"https:\/\/almacenalnatural.cl\/index.php\/wp-json\/wp\/v2\/types\/product"}],"replies":[{"embeddable":true,"href":"https:\/\/almacenalnatural.cl\/index.php\/wp-json\/wp\/v2\/comments?post=5856"}],"wp:featuredmedia":[{"embeddable":true,"href":"https:\/\/almacenalnatural.cl\/index.php\/wp-json\/wp\/v2\/media\/5858"}],"wp:attachment":[{"href":"https:\/\/almacenalnatural.cl\/index.php\/wp-json\/wp\/v2\/media?parent=5856"}],"wp:term":[{"taxonomy":"product_cat","embeddable":true,"href":"https:\/\/almacenalnatural.cl\/index.php\/wp-json\/wp\/v2\/product_cat?post=5856"},{"taxonomy":"product_tag","embeddable":true,"href":"https:\/\/almacenalnatural.cl\/index.php\/wp-json\/wp\/v2\/product_tag?post=5856"}],"curies":[{"name":"wp","href":"https:\/\/api.w.org\/{rel}","templated":true}]}}